, what is 141241 - -12403011?
13044302
In base 14, what is -5ac1 - 243?
-5d24
In base 8, what is 13424312636 + 2?
13424312640
In base 7, what is -3 - 140106641?
-140106644
In base 11, what is -206a1716 - -10?
-206a1706
In base 13, what is 343b218 + 5?
343b220
In base 15, what is 4 - -78a74e?
78a753
In base 2, what is -1100110100110 + -110001111?
-1101100110101
In base 13, what is a2179 + -2c?
a214a
In base 13, what is -1 + 24883605?
24883604
In base 2, what is 1010010010111101101 + 100001?
1010010011000001110
In base 7, what is 61564541 - 25?
61564513
In base 7, what is 0 - 2354350?
-2354350
In base 11, what is -272051 + -1698?
-273739
In base 12, what is -11846 + -331?
-11b77
In base 9, what is 1070040 + 142?
1070182
In base 15, what is -102 + 7b123?
7b021
In base 13, what is -8 + -4154a?
-41555
In base 16, what is -5de9 - -4a6?
-5943
In base 2, what is 11001010110000 - -11001000111?
11100011110111
In base 9, what is -41630054 - -10?
-41630044
In base 9, what is -15381 + -42?
-15433
In base 4, what is 1330213001 + 11332?
1330230333
In base 3, what is 1111120110122011 - -1?
1111120110122012
In base 6, what is 445 - -1101320?
1102205
In base 2, what is 11101100 + -1010110001011000?
-1010101101101100
In base 6, what is 20231452 + 111?
20232003
In base 4, what is -33 - -1232030223?
1232030130
In base 15, what is 939 - 5a20?
-50d6
In base 15, what is -c4 - -697d?
68a9
In base 13, what is 1b3b - 13402?
-11594
In base 2, what is 10010110000100100100 - 1001011?
10010110000011011001
In base 11, what is 1 + -400354a?
-4003549
In base 9, what is -6216273 - -1?
-6216272
In base 12, what is -3 + 57042a9a?
57042a97
In base 3, what is 2002 + -2122022202002?
-2122022200000
In base 16, what is -24b - -528e3?
52698
In base 3, what is 112012121020 + -1010011?
112011111002
In base 16, what is 0 + 1a88be?
1a88be
In base 2, what is 101101110111001001010 + -10?
101101110111001001000
In base 15, what is 34 - -38ec4b?
38ec80
In base 13, what is -37 - -1c303?
1c299
In base 7, what is -1631221 + 15?
-1631203
In base 3, what is 1110121000002022 - 11?
1110121000002011
In base 4, what is 230101032130 - 3?
230101032121
In base 6, what is 125 + 522252332?
522252501
In base 5, what is -3 + 132101303?
132101300
In base 4, what is -120103 + 2033232?
1313123
In base 11, what is -4 + 1211190a?
12111906
In base 14, what is -313 - -1912?
15dd
In base 11, what is 78969 + -174?
787a5
In base 8, what is 107371 - 404?
106765
In base 5, what is -1000303 - 141101?
-1141404
In base 15, what is -17c0 - 28b5?
-4185
In base 3, what is -1 - -210212011212022?
210212011212021
In base 14, what is 1dc + 3793?
3991
In base 12, what is 3ba13 - 1b60?
39a73
In base 8, what is 1011610 + -5?
1011603
In base 7, what is -246356 + 1145?
-245211
In base 12, what is -3349 - -1984?
-1585
In base 12, what is -2b55 - -21296?
1a341
In base 15, what is 5e26 - 468a?
178b
In base 7, what is 663331006 - 6?
663331000
In base 12, what is -403 + 856520?
856119
In base 16, what is 5 - -2b236c2?
2b236c7
In base 8, what is -4 - 36776745?
-36776751
In base 4, what is 122122 - 112011?
10111
In base 6, what is 51412 - -12033?
103445
In base 10, what is -3 - 2656242?
-2656245
In base 5, what is 2 + -24343013002?
-24343013000
In base 16, what is 7d70 - bb3?
71bd
In base 15, what is 4 - -33b063?
33b067
In base 14, what is 12465 + 95a7?
1ba2c
In base 9, what is -35018767 - 0?
-35018767
In base 11, what is -1056 - -521?
-635
In base 2, what is -101 + 1001110110001100010000000?
1001110110001100001111011
In base 11, what is 164a2 - -1418?
1790a
In base 4, what is 301 - -20203121?
20210022
In base 16, what is 2a0a + 1a7?
2bb1
In base 8, what is 14134164 - 603?
14133361
In base 11, what is 15 - 2589069?
-2589054
In base 10, what is 2896 - 992?
1904
In base 5, what is -414 - -1020101?
1014132
In base 6, what is 2 - -1040143421?
1040143423
In base 15, what is 5 + -dcb87c?
-dcb877
In base 3, what is 20201002020212 + -1?
20201002020211
In base 8, what is -20 - -73513077?
73513057
In base 11, what is 481 - 86a8?
-8227
In base 3, what is -1210211100000220 + 12?
-1210211100000201
In base 11, what is -3a0a7275 - 3?
-3a0a7278
In base 16, what is 13 - -8a61e?
8a631
In base 6, what is -1253 + -2151242?
-2152535
In base 12, what is -1815 - -47bb6?
463a1
In base 2, what is -1 - 1110000011111001011001100?
-1110000011111001011001101
In base 6, what is 25 - -11405354253?
11405354322
In base 13, what is 2 - 17766980?
-1776697b
In base 16, what is 4 + 18453?
18457
In base 4, what is -101300221133 - -10?
-101300221123
In base 4, what is -3 - 22223001110032?
-22223001110101
In base 10, what is -31464 + -1992?
-33456
In base 12, what is 479 - -4b221a?
4b2697
In base 16, what is -de - -15130?
15052
In base 13, what is 6a61 + -11?
6a50
In base 10, what is 181 - -22042?
22223
In base 6, what is -14411433 - 4?
-14411441
In base 6, what is 1143214 + 134?
1143352
In base 9, what is -5 + 262555831?
262555825
In base 15, what is -441d + -339?
-4757
In base 2, what is 100 - -1011100011110010100001111100?
1011100011110010100010000000
In base 8, what is 4 + -5043113?
-5043107
In base 2, what is 1111111010 - 101110011?
1010000111
In base 7, what is -34646505455 + 1?
-34646505454
In base 12, what is 43a02 + 40?
43a42
In base 16, what is dd389be - 1?
dd389bd
In base 5, what is 132204140 - 33?
132204102
In base 5, what is -213243110 - -112?
-213242443
In base 2, what is -10001000111100100110 - 100111?
-10001000111101001101
In base 7, what is 10345 + 46441?
60116
In base 12, what is -19b7855 + 4?
-19b7851
In base 5, what is -3441212424 + 240?
-3441212134
In base 16, what is -2579e + 99?
-25705
In base 9, what is -65 - -4358107?
4358032
In base 4, what is -2 - 33102300213?
-33102300221
In base 7, what is -43055 + 132056?
56001
In base 13, what is 96 + -146c0?
-14627
In base 11, what is 39779 + 500?
3a179
In base 8, what is -101023245 - 2?
-101023247
In base 16, what is 1d - -865ed?
8660a
In base 13, what is -186c783 - 22?
-186c7a5
In base 8, what is 33342 - 6372?
24750
In base 14, what is -173 - 4013?
-4186
In base 12, what is -482a17 - -31?
-4829a6
In base 10, what is 8110319 + -8?
8110311
In base 5, what is -233 + 22414123?
22413340
In base 12, what is 2913424 - 6?
291341a
In base 4, what is -1 - -11213203001022?
11213203001021
In base 13, what is 231c349 - 5?
231c344
In base 11, what is -261a - 10943?
-13462
In base 10, what is 6 - -10802304?
10802310
In base 8, what is -42604532 + -5?
-42604537
In base 3, what is -120212012002021122 - 0?
-120212012002021122
In base 3, what is -111121021201221120 - 10?
-111121021201221200
In base 5, what is 341011413 - 222?
341011141
In base 12, what is 24b8 - -14b1?
39a9
In base 12, what is 780246 - 3?
780243
In base 12, what is -2a1a + 433?
-25a7
In base 5, what is 10 + 344102330432?
344102330442
In base 8, what is 4 - 70750577?
-70750573
In base 13, what is -5b + -159126?
-159184
In base 12, what is 1 + 4215794b?
42157950
In base 15, what is cde00e - -46?
cde055
In base 2, what is -11000110111111 + -111101111?
-11001110101110
In base 12, what is 2 + -236a03a?
-236a038
In base 4, what is -30322213 - 213021?
-31201300
In base 12, what is 4b2 - 7029?
-6737
In base 10, what is 20399287 - -1?
20399288
In base 2, what is -100000011100111011100 + 11000?
-100000011100111000100
In base 6, what is -23121221 - -5?
-23121212
In base 6, what is -5245 + 12555434?
12550145
In base 3, what is 10 + -1201101111000?
-1201101110220
In base 11, what is 315 + -1a6160?
-1a5946
In base 5, what is -20121 + 1220?
-13401
In base 5, what is 1422342231 - -1422?
1422344203
In base 13, what is 805 + -33c8?
-28c3
In base 14, what is -73c - 18726?
-19064
In base 12, what is 53108b6 - -17?
5310911
In base 13, what is -b37 - -1453b?
13704
In base 11, what is -56025 - -375?
-55760
In base 2, what is 1011 + 10110111010100010?
10110111010101101
In base 2, what is -1110011 - -11011001110010?
11010111111111
In base 14, what is c49 - -1442?
228b
In base 9, what is -4103 + -6351?
-11454
In base 13, what is -3a27629 + -2?
-3a2762b
In base 16, what is -3 - 269d35?
-269d38
In base 3, what is 11 - -1110012120101?
1110012120112
In base 12, what is -3250b2 - -56?
-325058
In base 9, what is -258334457 + -1?
-258334458
In base 2, what is -1010110111010100111000110 + 11100?
